actors of (4 + -57)*(-117)/3.
3, 13, 53
Let o(g) = 15*g + 61. Let s(d) = -30*d - 123. Let j(u) = -5*o(u) - 2*s(u). List the prime factors of j(-10).
7, 13
Let q = 432 + -242. What are the prime factors of q?
2, 5, 19
Let r be -27 + 3 - 2/1. Let g = -21 - r. Suppose j + g - 42 = 0. List the prime factors of j.
37
Suppose -12*y = -7*y + 290. What are the prime factors of (1/(-2))/(1/y)?
29
Let d = -451 + 1420. List the prime factors of d.
3, 17, 19
Let h(j) = j**3 - 19*j**2 + 10*j - 19. Let o be h(19). Let s = -85 + o. List the prime factors of s.
2, 43
Suppose -6*f = -7*f - 4. Let x be (-12)/(-9)*(-1 - f). Suppose -4*o + 3*z + 51 = 0, o + x*z = 7 + 1. List the prime factors of o.
2, 3
Suppose -h + 8 = -0*h. Let r(z) = -z**3 - 7*z**2 - 6*z + 3. Let g be r(-7). Suppose h*m - g = 3*m. List the prime factors of m.
3
Let x(a) = 6*a**3 + 12*a**2 - 23*a + 1. List the prime factors of x(7).
2, 11, 113
Suppose 2*z = 3*z - 3. List the prime factors of 78/z + (-3)/1.
23
What are the prime factors of (-4)/(-16)*-4 + 831?
2, 5, 83
Let t(q) be the second derivative of 45*q**3/2 + q**2/2 + 21*q. What are the prime factors of t(1)?
2, 17
Let t(k) = -k**3 + 2*k**2 + 2*k + 1. Let w be t(-1). Suppose -p = w*u - 13, -3*u + p = -4*u + 8. Suppose -u*z + 95 = 5. What are the prime factors of z?
2, 3
List the prime factors of (-168)/(-48) + 1583/2.
3, 5, 53
Let a(v) = 13*v + 15. Let b(j) = -j**2 + 6*j - 3. Let t be b(3). What are the prime factors of a(t)?
3, 31
Let y(j) = 3*j + 5. Let q be y(0). Let a(p) = 8*p - 34. What are the prime factors of a(q)?
2, 3
Let x = 907 + -213. What are the prime factors of x?
2, 347
Let f(d) = d**2 + 3*d + 2. Let k be f(-2). Suppose 1 + 0 = 3*s + 5*l, k = 3*s + l - 5. What are the prime factors of (-236)/(-8) - (-1)/s?
2, 3, 5
Let x be (-6)/(-15) + (-1028)/20. Let t = x + 111. What are the prime factors of t?
2, 3, 5
Suppose -4*s + 2*a = -5*s + 624, -1884 = -3*s - 2*a. List the prime factors of s.
2, 3, 5, 7
Suppose 0 = -3*l + 6*l - 21. Suppose l*r - 8*r + 79 = 0. List the prime factors of r.
79
Let s(f) = f**3 + 11*f**2 + 4*f - 31. What are the prime factors of s(-9)?
5, 19
Let j be 2/(-6) + (-105)/(-45). Suppose 5*i - 2*r = -0*r + 557, -3*i - j*r = -347. Suppose -3*d - i = -2*u - 2*d, 2*u - 98 = 4*d. List the prime factors of u.
59
Let y(n) = 45*n**3 + 54 - 55 - n**3. Suppose 5*k + 15 = -5*w, 0*w - 4*w - 20 = -4*k. List the prime factors of y(k).
43
Let u(g) = 3*g**2 - 12. Let c(d) = -6*d**2 - d + 23. Let p(v) = -6*c(v) - 11*u(v). Let o(i) = i**3 - 8*i**2 - 5. Let z be o(8). List the prime factors of p(z).
3, 13
Suppose 1 = 4*j + 5. Suppose -70 = 3*s + q, q + 14 = -s + 3*q. Let k = j - s. List the prime factors of k.
3, 7
Let n = -1779 - -2655. List the prime factors of n.
2, 3, 73
Let u(m) = -2*m + 15. Let x be u(10). Let i be x/(20/(-8))*10. List the prime factors of 8/20 - (-92)/i.
5
Suppose 65 = -19*t + 787. Suppose -212 = -t*v + 37*v. What are the prime factors of v?
2, 53
Suppose -7*h - 23 = -6*h. Let b = h - -29. Suppose -2*k = k - b. What are the prime factors of k?
2
Suppose 4*t = 288 + 612. Suppose 4*p = d + t, 5*p + 133 - 409 = -4*d. List the prime factors of p.
2, 7
Let m(i) = i**3 + i**2 + i - 1. Let v(l) = -l**2 - l**2 - 4 + 8*l**2 + l**3 - 2*l + 8*l. Let s(r) = -2*m(r) + v(r). What are the prime factors of s(4)?
2, 7
Suppose -8 = -4*y - 3*i + 14, -12 = -4*y + 2*i. Suppose -2*l = 2*o - 358, -293 = -y*l + 5*o + 432. What are the prime factors of l?
2, 3, 5
Suppose -180 = -13*q - 24. What are the prime factors of q?
2, 3
Let i(m) = 12*m - 2*m**3 + 197 - 95 - 7*m**2 - 99. List the prime factors of i(-6).
3, 37
Let f = -23 - -27. Suppose -1 = m + c - 22, m + f = 4*c. List the prime factors of m.
2
Suppose n - m = 3*m + 14, -4*n + 37 = 3*m. Suppose -5*x - 3*q - 25 = -n*x, 5 = -5*x - 3*q. Suppose j + 4 = x*j. List the prime factors of j.
2
Let f(y) = 646*y - 12. List the prime factors of f(6).
2, 3, 7, 23
Suppose -4*y + 10 + 2 = 0. Suppose -2*d - y*m = -8*m + 2, 5*m = -4*d + 26. Suppose d*r - 2*u - 92 = 0, 0 = 5*r - r + 2*u - 92. What are the prime factors of r?
23
Suppose -19*w + 16*w = -z - 17, 4*w - 24 = 2*z. Suppose -n = 3*n - 16. Suppose -37 = -n*a + w*p + 84, 3*p = 2*a - 61. List the prime factors of a.
29
Let w(j) = -j**3 - 12*j**2 + 14*j + 15. Let b be w(-13). Suppose 3*h - 18 = 4*t, 3*t + 12 = b*h - t. Let u(p) = 9*p + 12. List the prime factors of u(h).
2, 3, 11
Let a = -77 + 815. Suppose b + 2*b = 4*j + 766, 0 = 3*b + 3*j - a. What are the prime factors of b?
2, 5
Suppose 0 = 14*b - 5*b - 9. List the prime factors of b*-4 - (-109 - -13).
2, 23
Suppose -58 = -8*c + 958. What are the prime factors of c?
127
Let q = -375 - -927. What are the prime factors of q?
2, 3, 23
Suppose 19369 = 13*b - 5734. What are the prime factors of b?
1931
Suppose 2*l - 3*l + 3 = 0. Suppose -3*h = 2*r + 6, 3*r - l*h + 7 + 2 = 0. List the prime factors of 27/((-4 + 1)/r).
3
Let i be (54/(-15))/(2/(-50)). Let w be (-20)/i + 2/9. Suppose -3*b + u = -101, -5*b + u + 139 + 30 = w. What are the prime factors of b?
2, 17
Let i(y) = -7*y - 70. What are the prime factors of i(-14)?
2, 7
Let v be 465/25 + (-3)/5. Suppose 3*o = 12 + v. List the prime factors of o.
2, 5
Let x be ((-4)/6)/(1/(-3)). What are the prime factors of (-16 - -17)/(x/4)?
2
Let f(c) = -c**2 + 2*c - 3140. Let x be f(0). What are the prime factors of (-6)/(-21) - x/35?
2, 3, 5
Let d = -21 - -66. Let p = 83 - d. Suppose -3*o + 48 = -3*s, 3*o - 5*s - p - 2 = 0. List the prime factors of o.
2, 5
Let t = -1 + -3. What are the prime factors of t + (2 - 5 - -79)?
2, 3
Let u(l) = -4*l**3 + 5*l**2 + 3*l. Let x be 1/(2 - 3) + (-14)/7. List the prime factors of u(x).
2, 3
Let g be (3/(-9) - -2)/((-2)/(-36)). Let t(b) = 2*b - 3. Let z be t(3). What are the prime factors of (-8)/z*g/(-4)?
2, 5
Suppose 695 = 7*x + 135. What are the prime factors of x?
2, 5
Let p be (-3)/(1/((-16)/12)). Suppose p*m - 1 = 3*m. List the prime factors of (m + 1 - -14) + -4.
2, 3
Let w = 3351 + 83. List the prime factors of w.
2, 17, 101
Let a = 45 - -575. What are the prime factors of a?
2, 5, 31
Suppose 3*u = -7*v + 4*v + 297, -4*v = 5*u - 395. Suppose v = 5*d + 30. Suppose r - 2*r + t = -d, -5*r + 70 = -4*t. List the prime factors of r.
2, 7
Let v be 4 + 146*(-3)/(-6). Suppose 2*o - 78 = 2*m, -v = 3*m + 4*o + o. Let g = 15 - m. What are the prime factors of g?
7
Let q = -79 - -140. Suppose h = q + 5. What are the prime factors of h?
2, 3, 11
What are the prime factors of (1 - (-5299)/7)/2?
379
Let s(i) = -i**3 + 12*i**2 + 9*i - 30. List the prime factors of s(9).
2, 3, 7
Let h be (-4)/6 + 172/(-12). Let t be 220/h - 4/(-6). Let n = t - -48. What are the prime factors of n?
2, 17
Let o be (-17)/((-1)/8 - 0). Suppose -z - 36 - o = 3*i, 0 = -3*z + i - 476. List the prime factors of z/(-30)*3*1.
2
Let y = 7412 - 3632. List the prime factors of y.
2, 3, 5, 7
Let n = 5 - 3. Let o = -295 + 471. Suppose o = 2*u + n*u - 3*r, -4*r = 3*u - 157. List the prime factors of u.
47
Suppose 0 = 3*m - 35 - 154. Suppose 0*j = -3*j + m. Suppose -4*d = -3*d - j. List the prime factors of d.
3, 7
Let k(x) = x**3 - 11*x**2 + 10*x + 3. Let d be k(10). Let v(u) = 7*u**2 - 3*u - 3. List the prime factors of v(d).
3, 17
Let d(l) = -75*l - 18. Let c(v) = 74*v + 17. Let p(t) = 4*c(t) + 3*d(t). List the prime factors of p(2).
2, 3, 13
What are the prime factors of 75/(-50)*9524/(-6)?
2381
What are the prime factors of 5 + (-3)/(-9)*0 - -623?
2, 157
Suppose 1 = -z + 2. Let q be (-4)/8 + z/(-2). Let o(a) = -13*a. What are the prime factors of o(q)?
13
List the prime factors of -6 + 725 + -3 + 11.
727
Let p(c) be the first derivative of -27*c**2 - 73*c - 51. What are the prime factors of p(-6)?
251
Suppose -5*t = -12*i + 8*i + 312, -2*t - 390 = -5*i. What are the prime factors of i?
2, 3, 13
Let p(u) = 4*u + 25. Let x be p(-5). Suppose 571 = 3*g + 5*m - 230, -15 = x*m. List the prime factors of g.
2, 17
Let l = -6411 + 10920. What are the prime factors of l?
3, 167
Suppose 3*b - 1928 = 316. List the prime factors of b.
2, 11, 17
Let q = 4028 + 1526. What are the prime factors of q?
2, 2777
Suppose 0 = -0*d + 4*d. Suppose -4*n + m + 52 = d, 5*m + 19 - 58 = -3*n. Suppose 0 = 6*u - 11 - n. List the prime factors of u.
2
Let c(n) = n**3 - 7*